(g) = 2*g + 35. What is n(-17)?
1
Let x(g) = g**3 + 9*g**2 + 4*g + 2. Give x(-4).
66
Let d(l) = -4*l**2 + 12*l + 28. Give d(-2).
-12
Let i(v) = -v - 44. What is i(-19)?
-25
Let i(g) = g**3 - 5*g - 3. What is i(-3)?
-15
Let f(m) = m**3 + 17*m**2 + 18*m + 26. Determine f(-16).
-6
Let i(t) = -t**3 + 16*t**2 - 11*t + 2. Calculate i(15).
62
Let c(k) = -3*k**2 - 2*k + 3. What is c(-4)?
-37
Let y(g) = g**2 + 24*g + 25. Give y(-25).
50
Let t(c) = c + 5. Give t(-2).
3
Let j(m) = -m - 1. Determine j(5).
-6
Let u(o) = o**2 - 10*o - 5. Determine u(9).
-14
Let u(x) = x**2 + 11*x + 27. Calculate u(-4).
-1
Let j(l) = 4*l + 9. What is j(-2)?
1
Let k(n) = n**3 - 5*n**2 - n + 2. Calculate k(4).
-18
Let r(b) = -b**3 - b**2 - b - 39. Calculate r(0).
-39
Let n(w) = w**3 + 5*w**2 - 9*w - 11. Give n(-6).
7
Let c(q) = -q**2 + 8*q + 1. Calculate c(6).
13
Let t(f) = 11*f + 58. Determine t(-5).
3
Let f(n) = -2*n**3 - 9*n**2 - 11*n. Give f(-5).
80
Let n(y) = -y**3 + 22*y**2 - 39*y + 2. Calculate n(20).
22
Let j(d) = d**3 - 5*d**2 + 5*d - 6. Determine j(4).
-2
Let p(l) = 2*l**2 - 7*l + 6. Calculate p(5).
21
Let r(y) = y**3 + 6*y**2 - 7*y - 4. Calculate r(-6).
38
Let p(i) = -i**2 - 7*i. Calculate p(-5).
10
Let a(m) = m**3 - m**2 + m - 21. Calculate a(0).
-21
Let p(q) = q + 11. What is p(-9)?
2
Let m(f) = -6*f - 44. Give m(-8).
4
Let o(m) = 6*m + 7. Calculate o(-3).
-11
Let r(v) = 5*v - 83. Determine r(22).
27
Let w(f) = -f - 18. Calculate w(-24).
6
Let y(s) = s**3 + 13*s**2 - 13*s + 7. Give y(-14).
-7
Let o(d) = 12*d - 70. What is o(6)?
2
Let l(a) = a - 20. Determine l(-18).
-38
Let g(l) = -2*l**2 + 20*l + 19. Give g(11).
-3
Let b(d) = d**2 + 42*d - 245. What is b(5)?
-10
Let n(c) = -5*c + 3. Determine n(2).
-7
Let z(n) = -n**3 - 4*n**2 - n - 1. Determine z(-4).
3
Let a(l) = -l**2 + 11*l + 17. What is a(7)?
45
Let c(s) = s - 2. Determine c(3).
1
Let b(z) = -z**2 - 3*z - 5. Calculate b(-6).
-23
Let w(s) = -s**3 + s**2 + 43*s - 4. Calculate w(0).
-4
Let h(s) = -17*s**2 - 2*s + 2. What is h(-2)?
-62
Let q(h) = h**3 - 7*h**2 - 14*h + 20. What is q(8)?
-28
Let d(a) = -10*a + 29. Determine d(0).
29
Let n(y) = 6*y**2 + 498*y + 5. Give n(-83).
5
Let h(u) = 2*u - 4. Determine h(6).
8
Let p(r) = -4*r**2 - 3*r + 4. Calculate p(-3).
-23
Let b(w) = -w**3 + 6*w**2 + 2*w - 4. Give b(3).
29
Let c(a) = 5*a**3 + 12*a**2 + 6*a - 2. Calculate c(-2).
-6
Let f(m) = -m**3 + 5*m**2 + 2*m + 1. Calculate f(6).
-23
Let s(h) = 22*h + 62. What is s(-3)?
-4
Let m(v) = -4*v**3 + 5*v**2 - 8*v + 3. What is m(2)?
-25
Let d(c) = -10*c**3 - 2*c**2 + c. What is d(1)?
-11
Let n(o) = o**3 + 2*o**2 + 3*o + 1. Determine n(-2).
-5
Let n(x) = 3*x - 7. Calculate n(4).
5
Let s(k) = -k**2 - 18*k + 40. Give s(-20).
0
Let g(s) = -4*s - 8. What is g(3)?
-20
Let s(f) = -f**3 - 8*f**2 - 14*f + 3. Determine s(-6).
15
Let w(a) = 3*a**3 - a**2 - 13*a - 19. Determine w(-2).
-21
Let r(j) = -j**3 + 7*j**2 - 2*j - 12. What is r(6)?
12
Let t(u) = -95*u - 190. Calculate t(-2).
0
Let d(k) = -k + 4. Determine d(-4).
8
Let u(d) = -d**2 - 14*d + 2. Determine u(-13).
15
Let d(i) = -2*i**3 + 60*i**2 - 57*i - 34. Determine d(29).
-5
Let v(u) = -10*u + 30. Give v(3).
0
Let i(d) = 2*d + 3. Calculate i(6).
15
Let n(j) = -2*j**2 - 18*j + 26. What is n(-10)?
6
Let c(g) = 7*g + 24. Determine c(-7).
-25
Let r(c) = c**3 - 11*c**2 + 11*c + 13. Give r(10).
23
Let d(q) = -q + 14. What is d(0)?
14
Let z(w) = -2*w - 10. Give z(-5).
0
Let j(v) = -3*v**2 - 28*v - 10. Give j(-8).
22
Let w(d) = d**2 + 14*d - 16. Give w(-14).
-16
Let l(f) = f**2 - 9*f + 9. Determine l(-7).
121
Let g(a) = -4*a**3 - 2*a**2 - 2*a - 1. Determine g(-1).
3
Let d(b) = b**2 - 9. Give d(-4).
7
Let a(z) = z**3 + z**2 - 8*z + 5. What is a(-4)?
-11
Let v(n) = n**3 + 8*n**2 - 2*n - 6. Calculate v(-8).
10
Let w(b) = b**2 + 21*b + 64. Determine w(-19).
26
Let w(r) = 3*r + 2. Give w(1).
5
Let c(x) = x**3 + 37*x**2 - 121*x - 46. What is c(-40)?
-6
Let v(b) = b**2. Calculate v(-1).
1
Let x(o) = o**3 - 10*o**2 - 11*o - 4. What is x(11)?
-4
Let g(z) = -z**2 + 4. What is g(-3)?
-5
Let b(p) = -p**3 + 8*p**2 - p + 13. Give b(7).
55
Let w(k) = 2*k**2 + 19*k + 18. What is w(-8)?
-6
Let x(n) = n**2 - n - 6. Give x(3).
0
Let a(c) = -c**3 + 12*c**2 - 12*c + 18. Calculate a(11).
7
Let j(v) = v**2 - 4*v + 4. Calculate j(6).
16
Let m(x) = -2*x**2 + 7*x + 1. Calculate m(3).
4
Let t(y) = y + 2. Determine t(2).
4
Let o(s) = 15*s**2 - s + 1. What is o(1)?
15
Let s(g) = g**3 + 8*g**2 - 6*g + 19. Give s(-9).
-8
Let j(p) = 9*p + 63. Determine j(-9).
-18
Let n(y) = -y**2 - y + 11. What is n(4)?
-9
Let v(d) = 2*d + 7. What is v(-3)?
1
Let f(g) = -14*g**2 + g. What is f(1)?
-13
Let y(c) = c**3 - 12*c**2 + 9*c + 8. Calculate y(11).
-14
Let v(w) = w - 1. Calculate v(8).
7
Let a(z) = 6*z + 22. What is a(-5)?
-8
Let s(n) = 2*n**2 - 60*n + 50. What is s(29)?
-8
Let o(u) = -9*u + 4. What is o(4)?
-32
Let c(l) = -l**2 - 11*l - 13. Give c(-10).
-3
Let s(u) = u**3 - 6*u**2 + 2*u + 8. Determine s(5).
-7
Let j(h) = h + 13. Determine j(-19).
-6
Let o(t) = 14*t - 3. Give o(2).
25
Let a(u) = -u**3 - 10*u**2 - 1. Calculate a(-10).
-1
Let r(f) = f**3 - 14*f**2 + 22*f + 16. What is r(12)?
-8
Let g(w) = w**2 - 4*w - 2. Give g(6).
10
Let k(f) = -8*f + 8. Give k(2).
-8
Let t(f) = 26*f**2 - 3*f + 5. Determine t(2).
103
Let t(w) = 20*w**3 + w**2 - w - 1. Calculate t(-1).
-19
Let j(f) = f**3 + 2*f**2 - f - 4. Give j(-2).
-2
Let a(c) = -c**2 + c + 70. Give a(0).
70
Let y(u) = 6*u**3 - 2*u**2 + u + 2. Give y(-1).
-7
Let x(f) = -4*f - 3. Give x(-14).
53
Let y(h) = 2*h**3 - 27*h**2 - 9*h - 33. What is y(14)?
37
Let m(c) = -c**2 - c + 6. Determine m(5).
-24
Let f(m) = -7*m - 3. Determine f(-1).
4
Let b(y) = 12*y**2 - 24*y + 3. Give b(2).
3
Let t(r) = -r**2 - 9*r - 5. Give t(-4).
15
Let c(x) = x**3 - 13*x**2 + 2*x - 3. What is c(13)?
23
Let v(w) = 2*w**2 - 19*w + 52. Give v(9).
43
Let t(h) = h**3 - 5*h**2 + 10*h - 1. Give t(4).
23
Let p(k) = 3*k**2 + 10*k + 17. Calculate p(-3).
14
Let q(p) = -10*p - 61. What is q(-6)?
-1
Let x(n) = -54*n + 301. Give x(6).
-23
Let s(f) = -11*f**2 + 4*f - 10. Calculate s(3).
-97
Let c(p) = -2*p - 8. Calculate c(8).
-24
Let p(d) = -d**3 + 37*d**2 - 34*d - 65. What is p(36)?
7
Let p(g) = g**3 - 8*g**2 + 3*g - 1. What is p(7)?
-29
Let l(p) = -2*p**2 + 5*p + 17. Determine l(-6).
-85
Let x(d) = d**2 + d - 5. What is x(0)?
-5
Let l(n) = -2*n**2 - 2*n + 7. Give l(-3).
-5
Let a(n) = -2*n**2 - 23*n - 9. Determine a(-10).
21
Let k(x) = -x**3 - 2*x**2 + 5*x - 12. Determine k(-4).
0
Let s(d) = -11*d - 17. What is s(-4)?
27
Let r(x) = -x**3 + 5*x**2 - 9*x + 16. Give r(4).
-4
Let o(c) = 10*c + 5. Calculate o(4).
45
Let w(o) = 2*o**2 - 15*o - 8. What is w(8)?
0
Let r(p) = p**3 - 35*p**2 + 3*p - 104. What is r(35)?
1
Let v(x) = -x - 9. What is v(-13)?
4
Let x(t) = -t**2 + 4*t + 93. What is x(10)?
33
Let y(m) = m**2 + 4*m - 45. What is y(11)?
120
Let z(j) = -9*j - 1. Determine z(-4).
35
Let k(m) = 2*m**2 - 3*m. Calculate k(3).
9
Let y(w) = -w**3 - 10*w**2 + 12*w + 9. Give y(-11).
-2
Let m(a) = a**2 - 9*a - 36. Determine m(11).
-14
Let x(c) = -45*c + 1895. Give x(42).
5
Let q(c) = 3*c + 6. Determine q(-6).
-12
Let k(n) = 13*n**2 - 4*n + 3. Calculate k(2).
47
Let y(q) = 6*q - 108. Calculate y(19).
6
Let q(s) = -s**2 + 13*s + 5. Determine q(13).
5
Let r(k) = k**3 + 7*k**2 - 2*k + 10. What is r(-7)?
24
Let f(x) = x**2 - 15*x + 10. Determine f(15).
10
Let v(l) = -l**3 - 11*l**2 - 31*l - 19. What is v(-8)?
37
Let b(u) = -7*u - 2. Calculate b(-3).
19
Let c(n) = 3*n**2 - 27*n + 2. Calculate c(8).
-22
Let p(t) = -t**2 - t + 26. Calculate p(-5).
6
Let f(g) = 16*g**3 - g**2 + 5*g + 8. Determine f(-2).
-134
Let g(d) = -15*d - 10. Determine g(-1).
5
Let r(b) = -5*b**2 - 4*b - 1. Give r(-3).
-34
Let x(h) = -2*h**2 + 2*h + 1. Determine x(-1).
-3
Let t(n) = -2*n + 2. Give t(0).
2
Let s(p) = 9*p**2 - 66*p - 40. Determine s(8).
8
Let w(v) = v**2 + 4*v - 65. Give w(-10).
-5
Let v(k) = 10*k**3 + 2*k**2 + 2*k + 1. Determine v(-1).
-9
Let m(v) = -v**3 + 6*v**2 - 4*v - 7. Calculate m(5).
-2
Let i(m) = -2*m**2 - m + 5. What is i(-4)?
-23
Let r(f) = f**3 - 47*f**2 + 88*f + 92. What is r(45)?
2
Let i(n) = -5*n - 5. What is i(-2)?
5
Let h(y) = 16*y - 48. What is h(-4)?
-112
Let m(o) = -15*o + 189. Calculate m(15).
-36
Let d(u) = -u**2 - 15*u - 12. 